s the hundred thousands digit of 17894914?
8
What is the thousands digit of 113521?
3
What is the hundreds digit of 1204640?
6
What is the thousands digit of 6800?
6
What is the ten thousands digit of 706095?
0
What is the hundreds digit of 1487526?
5
What is the hundreds digit of 651030?
0
What is the ten thousands digit of 2528179?
2
What is the thousands digit of 171905?
1
What is the ten thousands digit of 1597502?
9
What is the ten thousands digit of 3075494?
7
What is the hundreds digit of 2336562?
5
What is the hundred thousands digit of 3594885?
5
What is the units digit of 566627?
7
What is the hundred thousands digit of 1455065?
4
What is the thousands digit of 11672437?
2
What is the thousands digit of 6367977?
7
What is the ten thousands digit of 40747?
4
What is the hundred thousands digit of 8223613?
2
What is the ten thousands digit of 7143372?
4
What is the tens digit of 1383437?
3
What is the hundreds digit of 116220?
2
What is the hundred thousands digit of 22139041?
1
What is the ten thousands digit of 644136?
4
What is the units digit of 2685358?
8
What is the units digit of 20457914?
4
What is the ten thousands digit of 33915?
3
What is the hundreds digit of 5059671?
6
What is the ten thousands digit of 80102?
8
What is the thousands digit of 6079636?
9
What is the thousands digit of 854337?
4
What is the ten millions digit of 17800289?
1
What is the hundreds digit of 4653590?
5
What is the hundreds digit of 472951?
9
What is the hundred thousands digit of 115356?
1
What is the units digit of 1792946?
6
What is the hundreds digit of 9345018?
0
What is the units digit of 24422294?
4
What is the ten thousands digit of 1044872?
4
What is the thousands digit of 816608?
6
What is the tens digit of 36182?
8
What is the units digit of 24344423?
3
What is the units digit of 9145059?
9
What is the units digit of 147357?
7
What is the hundred thousands digit of 117572?
1
What is the hundreds digit of 1259697?
6
What is the ten thousands digit of 10451534?
5
What is the tens digit of 244807?
0
What is the millions digit of 2378495?
2
What is the hundreds digit of 1903252?
2
What is the units digit of 214059?
9
What is the hundreds digit of 15367463?
4
What is the units digit of 675911?
1
What is the hundred thousands digit of 346979?
3
What is the hundred thousands digit of 173674?
1
What is the hundreds digit of 24574708?
7
What is the hundreds digit of 65861?
8
What is the hundreds digit of 477029?
0
What is the millions digit of 16481094?
6
What is the units digit of 144362?
2
What is the units digit of 22354813?
3
What is the hundred thousands digit of 241687?
2
What is the hundred thousands digit of 500876?
5
What is the thousands digit of 13183891?
3
What is the thousands digit of 1011341?
1
What is the ten millions digit of 20881799?
2
What is the hundred thousands digit of 10540547?
5
What is the tens digit of 3899228?
2
What is the ten thousands digit of 8688880?
8
What is the tens digit of 1191512?
1
What is the units digit of 24377?
7
What is the ten thousands digit of 222372?
2
What is the hundred thousands digit of 1209216?
2
What is the tens digit of 56485?
8
What is the thousands digit of 2754575?
4
What is the thousands digit of 1389562?
9
What is the units digit of 225556?
6
What is the hundred thousands digit of 2196185?
1
What is the thousands digit of 1011619?
1
What is the tens digit of 1146145?
4
What is the units digit of 534985?
5
What is the tens digit of 176170?
7
What is the millions digit of 1854728?
1
What is the units digit of 261183?
3
What is the hundreds digit of 94507?
5
What is the hundreds digit of 309155?
1
What is the hundreds digit of 420458?
4
What is the millions digit of 2389553?
2
What is the hundred thousands digit of 221214?
2
What is the millions digit of 9031790?
9
What is the ten thousands digit of 1347740?
4
What is the hundreds digit of 689689?
6
What is the hundred thousands digit of 254312?
2
What is the thousands digit of 97606?
7
What is the thousands digit of 95034?
5
What is the units digit of 1193329?
9
What is the hundred thousands digit of 21373284?
3
What is the hundreds digit of 1658742?
7
What is the hundreds digit of 396606?
6
What is the hundreds digit of 3651670?
6
What is the tens digit of 1706031?
3
What is the tens digit of 96692?
9
What is the tens digit of 674896?
9
What is the hundred thousands digit of 212411?
2
What is the hundred thousands digit of 108667?
1
What is the tens digit of 584979?
7
What is the units digit of 953101?
1
What is the ten thousands digit of 8824255?
2
What is the hundred thousands digit of 1892971?
8
What is the hundred thousands digit of 164235?
1
What is the hundred thousands digit of 434173?
4
What is the thousands digit of 195920?
5
What is the millions digit of 18122428?
8
What is the thousands digit of 211716?
1
What is the hundreds digit of 2365221?
2
What is the units digit of 3884944?
4
What is the units digit of 3378351?
1
What is the millions digit of 7636902?
7
What is the tens digit of 119471?
7
What is the millions digit of 3798597?
3
What is the hundreds digit of 29804235?
2
What is the tens digit of 560573?
7
What is the hundred thousands digit of 17806268?
8
What is the ten thousands digit of 1453988?
5
What is the millions digit of 1928104?
1
What is the thousands digit of 83567?
3
What is the hundreds digit of 473509?
5
What is the hundred thousands digit of 144088?
1
What is the hundred thousands digit of 413905?
4
What is the ten thousands digit of 36518?
3
What is the tens digit of 113171?
7
What is the hundred thousands digit of 188049?
1
What is the ten thousands digit of 657459?
5
What is the ten thousands digit of 243616?
4
What is the thousands digit of 4320409?
0
What is the millions digit of 2955381?
2
What is the hundreds digit of 347573?
5
What is the ten thousands digit of 120062?
2
What is the units digit of 167422?
2
What is the tens digit of 83389?
8
What is the hundreds digit of 991511?
5
What is the hundred thousands digit of 158300?
1
What is the units digit of 166976?
6
What is the units digit of 2838617?
7
What is the ten thousands digit of 2183751?
8
What is the ten thousands digit of 63727?
6
What is the units digit of 361917?
7
What is the hundreds digit of 1542345?
3
What is the hundreds digit of 6058206?
2
What is the millions digit of 10361987?
0
What is the thousands digit of 768252?
8
What is the tens digit of 31916979?
7
What is the hundred thousands digit of 490325?
4
What is the tens digit of 23727833?
3
What is the units digit of 7012536?
6
What is the millions digit of 2806427?
2
What is the thousands digit of 185176?
5
What is the thousands digit of 420826?
0
What is the millions digit of 22724921?
2
What is the hundred thousands digit of 275518?
2
What is the ten thousands digit of 28500?
2
What is the tens digit of 182693?
9
What is the hundreds digit of 2723908?
9
What is the units digit of 47955?
5
What is the ten thousands digit of 1194487?
9
What is the tens digit of 655177?
7
What is the units digit of 1060867?
7
What is the units digit of 220263?
3
What is the ten thousands digit of 59638?
5
What is the units digit of 4294801?
1
What is the hundred thousands digit of 863316?
8
What is the ten millions digit of 20939132?
2
What is the tens digit of 443140?
4
What is the hundred thousands digit of 460966?
4
What is the hundreds digit of 422488?
4
What is the units digit of 13640562?
2
What is the units digit of 27236667?
7
What is the units digit of 8721404?
4
What is the millions digit of 6289715?
6
What is the tens digit of 288752?
5
What is the ten thousands digit of 684846?
8
What is the ten thousands digit of 5518976?
1
What is the hundreds digit of 87562?
5
What is the thousands digit of 906414?
6
What is the thousands digit of 10473?
0
What is the millions digit of 10304507?
0
What is the ten thousands digit of 2667356?
6
What is the hundred thousands digit of 194674?
1
What is the units digit of 11766091?
1
What is the ten thousands digit of 869087?
6
What is the ten thousands digit of 6281362?
8
What is the millions digit of 2000029?
2
What is the tens digit of 317074?
7
What is the tens digit of 672930?
3
What is the hundred thousands digit of 138447?
1
What is th